 - 6. Let l be v(-6). What is m(l)?
6
Let t(y) = y**2 - 3. Let l(x) = -3*x**2 + 8. Let d(j) = -3*l(j) - 8*t(j). Let w(s) = -s**2 - 3*s - 2. Let z = 1 + -4. Let p be w(z). Give d(p).
4
Suppose -a - 3 = -6. Let p = -8 + 1. Let f(t) = -4*t + 9. Let z(o) = -9*o + 17. Let u(g) = a*z(g) + p*f(g). Determine u(6).
-6
Let o(l) = l**3 - 13*l**2 - 13*l - 10. Let j be o(14). Suppose -3*i = -3*z - 6, -i = -4*z - j*i + 20. Let s(c) = c - 11 + 20 - 16 - 3*c + c**z. What is s(5)?
8
Let y(g) = 5*g**2 + 0 - 5 + g + 6*g**2 + 2 - 12*g**2 + g**3. Let m = -1 + 1. Give y(m).
-3
Let w be (-6)/1*(-7)/14. Let q(k) = k**3 - 2*k**2 - k + 4. Give q(w).
10
Let v be -1 - (3/(-1))/(-3). Let k(y) = -15*y**2 - 8*y + 6. Let i(o) = 43*o**2 + 23*o - 17. Let n(b) = -6*i(b) - 17*k(b). Determine n(v).
-8
Let a(o) = -7*o. Let d = -37 + 38. Let f(b) = -b - 1. Let r(h) = d*f(h) - a(h). Give r(-1).
-7
Let x(a) = 21*a + 2 - 9*a - 11*a. Suppose 2 = -o + 4. Suppose 0*w = w + o. Determine x(w).
0
Suppose 0 = 5*x + 3*c - 129, -5*c + 0*c = -15. Suppose -x = 3*z - 4*l, -9 = -z - 3*l - 4. Let b(q) = -4*q - 4. Calculate b(z).
12
Let y(v) = -8 - v**3 + 0*v**3 - 9 + 18 - 2*v. Let r be y(1). Let h(u) = u**2 + 1. Give h(r).
5
Suppose -2 = -t + 2. Let g = t + 3. Let b(m) be the third derivative of -m**4/24 + 5*m**3/6 - 2*m**2. Give b(g).
-2
Let k(h) = -10*h - 4. Let y(n) = -1. Let j(b) = -k(b) + 6*y(b). Let r be -1*3*1*(-8)/12. Determine j(r).
18
Let y(h) = 4*h + 8 - 13*h + 8*h. Let c(l) = -l**3 - 4*l**2 - 3*l + 2. Let d be c(-3). Suppose d*q + 3 = -2*w + 17, 5*q - 2*w = 28. What is y(q)?
2
Let c be (-128)/(-10) + (-4)/5. Let k(d) = -d**3 + 11*d**2 + 13*d - 2. Let a be k(c). Suppose 5*w = 3*l + 6, -2*l = -7*l - a. Let n(p) = -p - 1. Give n(w).
-1
Let t(j) be the first derivative of -j**4/12 - 3*j**2 + 10. Let w(z) be the second derivative of t(z). Calculate w(-2).
4
Let h(x) = 6*x + 2. Let m(j) = -2*j - 1. Let o(q) = -h(q) - 5*m(q). Let y(d) = -1 - 2*d + 4 + 3*d. Let k be y(-5). What is o(k)?
-5
Let y(m) = 12*m - 4. Let i be y(0). Let z(k) = -k**2 + 3*k. Determine z(i).
-28
Let q be (-54 + 0)*(-4)/(-12). Let k(a) = a**2 + 17*a - 23. Determine k(q).
-5
Let f = 801 - 3203/4. Let a(b) be the first derivative of f*b**4 - 5 - 7/2*b**2 - 7*b + 2*b**3. Determine a(-7).
-7
Let g(a) = -a**2 - 5*a - 8. Let x be (-18)/10*-5*(-10)/15. Determine g(x).
-14
Let a be 4/5 + (-68)/10. Let o(j) = -j - 6. What is o(a)?
0
Let b(a) be the second derivative of -1/6*a**3 - 2*a**2 + 0 + 3*a. Give b(-4).
0
Let a be ((-4)/(-8))/(2/(-8)). Let x(q) be the second derivative of q**5/20 + q**4/6 + 304*q + 1. Determine x(a).
0
Suppose 5*b - 4*j - 19 - 5 = 0, 3*b - 13 = j. Let t(z) = -z**2 + 2*z + 3. Give t(b).
-5
Let i(v) = -v**2 + 6*v - 5. Let y be 27/18*((-10)/(-3) + 0). Suppose -3*a + 16 = 3*k + 1, 0 = -3*k - y*a + 15. Calculate i(k).
0
Let u(k) = -k**2 - 5*k + 6. Let t = -2 + 18. Let n = -21 + t. Determine u(n).
6
Let t(d) = 4 + 5*d - 2*d - 2*d. Let b = -4192 - -4182. Give t(b).
-6
Let i be (-2)/(-12) + 85/30. Suppose 0 = -5*u + 293 + 42. Let g(q) = 68 - 2*q**2 + 2*q - u - i*q**2. What is g(-1)?
-6
Let k(u) be the first derivative of u**4/2 - u**3/3 + u + 333. What is k(2)?
13
Let v(d) = -5*d + 3. Let u = -136 + 141. Let z = -5 + 9. Suppose z*m = 4*g + 4, -4*m + 1 = -u*g - 1. What is v(g)?
-7
Let q(f) = -f**2 + 7*f - 6. Let d(b) = b - 1. Let y(s) = 3*d(s) - q(s). What is y(3)?
0
Let g(x) = -1. Let w(t) = -t**2 + 8*t - 2. Let s(d) = -3*g(d) + w(d). Calculate s(8).
1
Let g = -319 - -316. Let m(i) = -i**2 - 5*i. What is m(g)?
6
Let h(w) = 2*w**3 + 2*w**2 - 2*w + 2. Let b(k) = -21*k - 166. Let n be b(-8). What is h(n)?
22
Let h(c) = -7*c**3 - 2 + 16*c**3 - c**2 + 7*c - 8*c**3 + 2*c + 11*c**2. Determine h(-9).
-2
Let l(m) = 2*m + 2. Let x = -190 + 192. Calculate l(x).
6
Let q = -2 + 2. Let u = 8 + q. Let c(f) = -f + 4. Calculate c(u).
-4
Let r(b) = -b + 3*b - 4 + 1. Let f(w) = 20 + 18*w**2 - 15*w**3 - w - 15*w**3 + 29*w**3. Let z be f(18). Determine r(z).
1
Let n(u) be the second derivative of -u**4/12 - u**3/6 + u**2 - 105*u. Let p(x) = -x - 6. Let y be p(-6). Determine n(y).
2
Let b(s) = 504 + 493 - 995 + 3*s. Determine b(5).
17
Let l(j) = 78*j - 15*j - 25*j - 21*j - 16*j + 6. What is l(-6)?
0
Let j(u) = 2*u - 2. Let z be -2 + (1 - 3)*-5. Let y be (7/4)/((-2)/z). Let i be (2 - 5) + (0 - y). Calculate j(i).
6
Let y(t) be the first derivative of t**2/2 - 4*t + 2. Let n be (-1935)/(-55) + 2/(-11). Let u = -31 + n. What is y(u)?
0
Let p(o) = -4*o**3 - 3*o**2 + 3*o - 1. Suppose 4 - 13 = -9*t. Calculate p(t).
-5
Let u be 1/(1/(3 + 0)). Let f be u/((-5)/120*-9). Let v(r) = -2*r**2 + 7*r - 11. Let k(q) = -q**2 + 4*q - 6. Let l(y) = -13*k(y) + 6*v(y). Calculate l(f).
-4
Suppose 5 = -3*i - 4. Let p(w) = -7*w + 4. Let l(o) = 20*o - 11. Let z(u) = 6*l(u) + 17*p(u). Give z(i).
-1
Suppose 2*m = -5*t + 3*m - 30, 0 = -4*m + 20. Let p(r) = -12*r**2 - 34*r + 11. Let i(v) = 10*v**2 + 28*v - 10. Let f(y) = -7*i(y) - 6*p(y). Give f(t).
14
Let i be 3 - 35/10 - 51/(-6). Suppose -3*j + i = 5. Let n(q) = 9*q**3 + q - 1. What is n(j)?
9
Let q(g) = g**3 - g**2 + g + 1. Let z(a) = -7*a**3 + 3*a**2 - a - 3. Let k(l) = 6*q(l) + z(l). Let t(f) = -f + 6. Let o be t(9). What is k(o)?
-12
Let y(r) = r. Let z(g) = -24*g + 15*g + 10*g + 4. Let q(h) = 2*y(h) - z(h). Determine q(3).
-1
Let q = -586 + 346. Let x be (2/4)/(20/q). Let k(t) = t - 1. Determine k(x).
-7
Let o(r) be the first derivative of r**4 - r - 173. Let a = 4 + -3. What is o(a)?
3
Let g = -124 + 127. Let u(v) = -5*v - 2 + v**g + 6*v + 3 - 2*v. Determine u(2).
7
Let t(m) be the third derivative of -m**8/6720 - m**7/1260 - m**6/720 - m**5/60 - m**4/12 + 2*m**2. Let x(v) be the second derivative of t(v). Calculate x(-2).
0
Suppose 0 = -2*z - 3 - 1. Let s(d) = 2*d + 3. What is s(z)?
-1
Let v(b) = b + 1. Let m be (-13)/26 - (-10)/4. Let x(z) = 2*z - z**2 + 0*z - z**m - z**3 - 2 - 5*z. Let g be x(-1). What is v(g)?
1
Suppose -5*f = 4*h - 6, -2*f - 152 = -5*h - 161. Let p(n) = -5*n**2 + 3*n + 2. What is p(h)?
-6
Let p(x) = x - 5. Let a be (-30)/4*(-8)/(-5). Let t be ((-1)/(-3))/((-1)/(-48)). Let o = a + t. Calculate p(o).
-1
Let z(m) = -9*m + 1. Let b be (4/(-6))/((-32)/48). Calculate z(b).
-8
Suppose 0 = -6*q - 9 - 39. Let j be -3 - (-7)/((-14)/q). Let r(k) = -k**2 + 1. Give r(j).
0
Let g be 2/(-6)*-2*(-6153)/(-586). Let q(j) = j**2 - 4*j + 4. Give q(g).
25
Let v(s) = s**2 - 13*s - 10. Let h(x) = 2*x**2 - 13*x - 12. Let r(i) = 2*h(i) - 3*v(i). Give r(-13).
6
Suppose -2*h = 5*s - 5, 3*s = 4*s - 5*h - 1. Let g(m) = 12*m - 1. Determine g(s).
11
Let j(m) be the third derivative of -m**6/120 - 7*m**5/30 - m**4/2 + 5*m**3/3 - m**2. What is j(-13)?
-3
Let o(k) = k**3 - k**2 + 5*k - 5. Let j be o(2). Let v(w) = w**3 - 9*w**2 + w + 1. Give v(j).
10
Let n(z) = 13*z - 364. Let g be n(28). Let u(r) be the third derivative of -r**2 + 0*r**3 - 1/24*r**4 + g*r - 1/60*r**5 + 0. Give u(1).
-2
Suppose 6 = -3*j - 0*j. Suppose -3*c + 8 = 2*u + 2*u, -2*u = -3*c - 4. Let o(w) = -w**3 + 2*w**3 - 5 + 3 - 3*w - 3*w**2 + u*w**2. Determine o(j).
-8
Let q(j) = -j**3 - 5*j**2 - 4*j - 2. Let r be q(-3). Let f be (-64)/24*42/r. Let k = 17 - f. Let z(n) = n**3 - 4*n**2 + 4*n + 1. Give z(k).
4
Let f(s) = -s + 5. Let k(i) = 2*i - 35. Let z(g) = 5*f(g) + k(g). Calculate z(-6).
8
Let l(c) = c**2 - 4*c - 1. Suppose i - 6 = -2. Let v be l(i). Let w(x) = 6*x**3. Give w(v).
-6
Suppose -163 = -3*f - 5*i, 5*f - 3*i - 235 = -4*i. Suppose -48*d + f*d - 6 = 0. Let k(q) = q**2 + 3*q + 2. Give k(d).
2
Let c(o) = 7*o - 2. Let x be (-6)/(-9)*600/80. Determine c(x).
33
Let o(y) = -14*y + 11*y**3 - 1 + 36*y**2 - 37*y**2 + 15*y. Calculate o(1).
10
Let n = 39 - 36. Suppose a - 5 = -n. Let q(h) = 2*h + 1. Calculate q(a).
5
Let q = -50 + 75. Let t = -26 + q. Let h(m) = -17*m - 2. Let i(s) = 25*s + 3. Let n(w) = -8*h(w) - 5*i(w). Give n(t).
-10
Let m(o) = -26*o + 21. Let d(j) = -18*j + 14. Suppose -37*q + 27*q - 50 = 0. Let f(h) = q*m(h) + 7*d(h). Calculate f(3).
5
Let o(f) = -13*f - 20. Let b(k) = -2*k - 3. Let v(q) = 6*b(q) - o(q). What is v(-6)?
-4
Let z = 9 + -7. Let g(m) = -14*m + 10*m + z*m - 3 + 4. Calculate g(5).
-9
Let d(s) = 4*s**2 + 5*s - 1. Let z(i) = -9*i**2 - 9*i + 2. Let f(h) = 7*d(h) + 4*z(h). Suppose -2 = -4*u + 6. Suppose -y - 1 = -u*y. What